{"version":"1.0","provider_name":"ENDEMANN.SCHMIDT","provider_url":"https:\/\/www.es-law.de\/en\/","author_name":"igirbinger","author_url":"https:\/\/www.es-law.de\/en\/author\/igirbinger\/","title":"Grundsatzurteil Teil 2 aus Kassel - ENDEMANN.SCHMIDT","type":"rich","width":600,"height":338,"html":"<blockquote class=\"wp-embedded-content\" data-secret=\"OXr9q9CRkV\"><a href=\"https:\/\/www.es-law.de\/en\/grundsatzurteil-teil-2-aus-kassel\/\">Grundsatzurteil Teil 2 aus Kassel<\/a><\/blockquote><iframe sandbox=\"allow-scripts\" security=\"restricted\" src=\"https:\/\/www.es-law.de\/en\/grundsatzurteil-teil-2-aus-kassel\/embed\/#?secret=OXr9q9CRkV\" width=\"600\" height=\"338\" title=\"&#8220;Grundsatzurteil Teil 2 aus Kassel&#8221; &#8212; ENDEMANN.SCHMIDT\" data-secret=\"OXr9q9CRkV\" frameborder=\"0\" marginwidth=\"0\" marginheight=\"0\" scrolling=\"no\" class=\"wp-embedded-content\"><\/iframe><script type=\"text\/javascript\">\n\/* <![CDATA[ *\/\n\/*! This file is auto-generated *\/\n!function(d,l){\"use strict\";l.querySelector&&d.addEventListener&&\"undefined\"!=typeof URL&&(d.wp=d.wp||{},d.wp.receiveEmbedMessage||(d.wp.receiveEmbedMessage=function(e){var t=e.data;if((t||t.secret||t.message||t.value)&&!\/[^a-zA-Z0-9]\/.test(t.secret)){for(var s,r,n,a=l.querySelectorAll('iframe[data-secret=\"'+t.secret+'\"]'),o=l.querySelectorAll('blockquote[data-secret=\"'+t.secret+'\"]'),c=new RegExp(\"^https?:$\",\"i\"),i=0;i<o.length;i++)o[i].style.display=\"none\";for(i=0;i<a.length;i++)s=a[i],e.source===s.contentWindow&&(s.removeAttribute(\"style\"),\"height\"===t.message?(1e3<(r=parseInt(t.value,10))?r=1e3:~~r<200&&(r=200),s.height=r):\"link\"===t.message&&(r=new URL(s.getAttribute(\"src\")),n=new URL(t.value),c.test(n.protocol))&&n.host===r.host&&l.activeElement===s&&(d.top.location.href=t.value))}},d.addEventListener(\"message\",d.wp.receiveEmbedMessage,!1),l.addEventListener(\"DOMContentLoaded\",function(){for(var e,t,s=l.querySelectorAll(\"iframe.wp-embedded-content\"),r=0;r<s.length;r++)(t=(e=s[r]).getAttribute(\"data-secret\"))||(t=Math.random().toString(36).substring(2,12),e.src+=\"#?secret=\"+t,e.setAttribute(\"data-secret\",t)),e.contentWindow.postMessage({message:\"ready\",secret:t},\"*\")},!1)))}(window,document);\n\/\/# sourceURL=https:\/\/www.es-law.de\/wp-includes\/js\/wp-embed.min.js\n\/* ]]> *\/\n<\/script>\n","description":"Sachverhalt Aufgrund des Fachkr\u00e4ftemangels f\u00fcllen viele Krankenhaustr\u00e4ger die personellen L\u00fccken mit Honorarkr\u00e4fte auf. Zudem werden zahlreiche Pflegekr\u00e4fte bewusst als Honorarkr\u00e4fte t\u00e4tig, weil sie sich hier bessere Erwerbschancen erhoffen. Das BSG entschied am 07.06.2019 in mehreren gleich gelagerten Parallelverfahren \u00fcber den sozialversicherungsrechtlichen Status von Honorarpflegekr\u00e4ften. Im Leitfall (B\u00a012\u00a0R\u00a06\/18\u00a0R) war die Versicherungspflicht der beigeladenen Pflegefachkraft in allen [&hellip;]"}

Sachverhalt Aufgrund des Fachkräftemangels füllen viele Krankenhausträger die personellen Lücken mit Honorarkräfte auf. Zudem werden zahlreiche Pflegekräfte bewusst als Honorarkräfte tätig, weil sie sich hier bessere Erwerbschancen erhoffen. Das BSG entschied am 07.06.2019 in mehreren gleich gelagerten Parallelverfahren über den sozialversicherungsrechtlichen Status von Honorarpflegekräften. Im Leitfall (B 12 R 6/18 R) war die Versicherungspflicht der beigeladenen Pflegefachkraft in allen [&hellip;]
